 -4*z + 151, -5*v + 150 = r*z. List the prime factors of v.
31
Let u(x) = -13*x - 147. List the prime factors of u(-28).
7, 31
Let m be 3/(-2) + (-55)/(-10). What are the prime factors of 77 - (-4 - -8) - m?
3, 23
Suppose 0 = -2*v - 3*r + 2*r + 1393, -3*r + 694 = v. What are the prime factors of v?
17, 41
Let p = 120 + 11. Let w = p + 40. List the prime factors of w.
3, 19
Let n(f) = f + 2. Let w be n(-7). Let l = w + -14. List the prime factors of 1 - (-9)/(-3) - l.
17
Let z be 7*((2 - 3) + 0). Let f be (-6)/(-10) + z/(-5). Suppose -r - f*r + 228 = 0. What are the prime factors of r?
2, 19
Suppose -r = 4*i - 932, 3*r - 2814 = -0*r - 3*i. Suppose 9*n - r = 4*n. What are the prime factors of n?
2, 47
Let t(b) = b**3 + 5*b**2 - b + 5. Let n(x) = 4*x**2 - x + 4. Suppose -6*l = -9 + 33. Let s(y) = l*n(y) + 3*t(y). List the prime factors of s(1).
2
Let t(j) = -64*j + 4. Let u be 2/((-10 - 0)/5). What are the prime factors of t(u)?
2, 17
Let q(h) = 4 + 1 - 1 + h + 3*h. Let t be q(3). Suppose 0 = -j + 3*d + t, 0 = -2*j + 5*j - 3*d - 66. What are the prime factors of j?
5
Let k = 335 + 415. What are the prime factors of k?
2, 3, 5
Let u(r) = r + 12. Let z be u(-5). Suppose -2*l = 1 - z. Suppose -l*b + 104 = b. List the prime factors of b.
2, 13
Suppose -4*z = -2 - 10. Suppose -3*q - 15 = 3*r, 4*q - 3*r - 15 = z*q. Let h = q - -31. What are the prime factors of h?
31
Let m = -1446 - -1000. Let s = -637 - m. List the prime factors of s/(-4) - 8/(-32).
2, 3
Let g(l) = -9*l + 12. Let j be g(-12). Suppose 8*p + j = 12*p. Let x = p + 15. What are the prime factors of x?
3, 5
Suppose -8*t + 20 = -12. Suppose -402 = -2*d - 4*i, -5*i + 0*i - 778 = -t*d. List the prime factors of d.
197
Let d(z) = -z**3 - 6*z**2 - 7*z - 4. Let a be d(-5). Suppose -2*k = -6 - a. Suppose -k*m - 48 = -8*m. What are the prime factors of m?
2, 3
Let q be ((-8)/(-6))/(2/(-459)). Let z = -170 - q. List the prime factors of z.
2, 17
Let o be (12/27)/((-10)/(-45)). Let f be (41/o)/(6/12). Suppose -v - 2*t + f = 0, -3*v - 2*t + 118 = -t. List the prime factors of v.
3, 13
Let z = 3318 - 57. List the prime factors of z.
3, 1087
List the prime factors of ((-542)/2)/(0 + 2 + -3).
271
Let u = 1172 + -644. What are the prime factors of u?
2, 3, 11
Let q = -180 + 290. What are the prime factors of q?
2, 5, 11
Let i(a) = a**2 - 3*a - 52. Let n be i(-6). List the prime factors of n*22*(-184)/(-32).
11, 23
Suppose 0 = -4*v + 20 + 8. Let w(q) = q**3 - 5*q**2 - 11*q + 1. Let z be w(v). Let g = z + -9. What are the prime factors of g?
13
Let t(w) = -23*w + 329. Let r be t(16). Let h = 178 + -63. Let c = r + h. What are the prime factors of c?
2, 19
Suppose -w + 102 = -5*n, 3*w - 7 = -1. Let i = 752 - 767. Let z = i - n. What are the prime factors of z?
5
Suppose -3105 = -3*r + 5*x, -5*r + 7*r - 2057 = -x. List the prime factors of r.
2, 5, 103
Suppose -s - 5*l = -19, -4*l + 0*l = s - 16. Suppose 0 = s*p - 10*p + 444. What are the prime factors of p?
2, 37
Let c be ((-6)/(-8))/((-2)/(-8)). Suppose 4*r + 20*s + 4 = 24*s, 4 = 5*r - 2*s. Suppose r*p = -c*p + 75. What are the prime factors of p?
3, 5
Suppose -2*i = -s - 5, -4*i + 0*i = -5*s + 5. Let c be (12/(-9))/(1/(-3)). Suppose -73 = -c*u + i*p, u = -2*u + 2*p + 46. What are the prime factors of u?
2, 3
Let t(c) = -465*c - 632. List the prime factors of t(-7).
43, 61
Let c = 50 + 36. Suppose 2*b + 0 = c. What are the prime factors of b?
43
Let t = 345 - -139. Suppose -3*f + 363 = 4*i, 3*f + f - 3*i = t. List the prime factors of f.
11
Let c = 48 - 48. Suppose 4*s + 36 - 160 = c. What are the prime factors of s?
31
Suppose 121 = 2*u - 607. What are the prime factors of u?
2, 7, 13
Suppose -2257 = -18*r + 2549. What are the prime factors of r?
3, 89
Suppose 3*i - 7*d + 3*d - 926 = 0, -3*d + 640 = 2*i. List the prime factors of i.
2, 157
Let j(z) = -z**2 - 2*z + 2. Let f be j(4). Let i be ((-10)/14*-4)/((-38)/(-665)). Let t = f + i. List the prime factors of t.
2, 7
Let c = 15 - -42. Let t(j) = j**2 + 24*j - 45. Let q be t(-29). Let m = q - c. List the prime factors of m.
43
Suppose 340 + 104 = 6*q. What are the prime factors of (q/(-8) + -7)/(1/(-12))?
3, 5, 13
Let i = -25 - -58. Suppose 0 = k + 2*k + 2*q - 99, k = q + i. What are the prime factors of k?
3, 11
Suppose 126*b - 130*b = 560. Let g = 108 - b. What are the prime factors of g?
2, 31
Let w(v) = -153*v + 465. What are the prime factors of w(-4)?
3, 359
Let r be 575/46 - 10/4. List the prime factors of r/4*(-1452)/(-15).
2, 11
Suppose y - 5*j = -2*y + 28, -4*y - j = -22. Let x be (4/y)/(26/7527). Suppose -5*d + x - 8 = 0. List the prime factors of d.
37
Suppose 0 = 4*w - 3*a - 33, 4*w - 12 = -0*w - 4*a. Suppose -7*o + w*o = -3. Suppose h + 0*n - 41 = -2*n, o*h + 3*n - 114 = 0. List the prime factors of h.
5, 7
Suppose -2*t = 2*t - 72. What are the prime factors of t?
2, 3
Let f = -17 - -52. List the prime factors of 239/2 + f/10 + -3.
2, 3, 5
Suppose -6*t = -4*f - 2*t - 8, -5*f = 5*t - 30. Let c(m) = -m**2 + 0*m + f*m**2 + 4 - 5*m + 0*m**2. What are the prime factors of c(8)?
2, 7
Suppose -2 = 3*s + l - 7, -s + 15 = 3*l. Suppose 4*b + 4*o = 8 + 16, s = -4*b - o + 21. Let j(m) = m**3 - 3*m**2 - 7*m + 3. What are the prime factors of j(b)?
2, 3
Suppose 28 = -w + 8*w. Suppose -2*a - w*m + 62 = 0, 3*a - 132 - 11 = 4*m. List the prime factors of a.
41
Suppose 5792 - 1589 = 9*j. List the prime factors of j.
467
Let x(n) = -166*n + 3. List the prime factors of x(-5).
7, 17
Let k be 7/(14/32) + 2 + -4. Suppose 3*v - 10 = 2. What are the prime factors of k - (0 + v + -2)?
2, 3
Let h = 1252 + -750. List the prime factors of h.
2, 251
Suppose 3*b - 1565 = -z, -3*z + 0*b = 3*b - 4677. What are the prime factors of z?
2, 389
Let v = -22 + 16. Let y = 3 + v. Let k = y - -13. What are the prime factors of k?
2, 5
Let h be 4 - (3 - (2 + 2)). Suppose 5*w = -4*l, l = 4*w + h*l + 4. Suppose p = -3*c + 55, 2*p - w*c - 80 = -0*p. What are the prime factors of p?
2, 23
Let l = 960 - -7. List the prime factors of l.
967
Suppose 12 + 3 = 5*u, 5*s = -4*u + 2237. What are the prime factors of s?
5, 89
Let k = 18 - 18. Suppose -3*v + n + 4 = k, -2*n - 8 = -2*v + 4*v. Suppose -2*r + r + 11 = v. List the prime factors of r.
11
Let r = -387 + 930. List the prime factors of r.
3, 181
Let l be ((-428)/6)/((-6)/9). Suppose -2*r = -107 - l. What are the prime factors of r?
107
Let d(n) = 8*n + 4*n + 1 + 9*n. What are the prime factors of d(1)?
2, 11
Let s(x) = -x**3 - 2*x**2 + x - 4. Let a be s(-3). Let m(o) = 4 - 5 + a - 10*o. List the prime factors of m(-2).
3, 7
Let v(c) = -c + 8. Let b(s) = -2 - 9*s**2 + 10*s**2 - 11. Let g be b(0). What are the prime factors of v(g)?
3, 7
Let y(i) = 716*i**3 + 11*i**2 - 26*i + 10. List the prime factors of y(2).
2, 3, 5, 191
What are the prime factors of ((-4536)/(-10))/((-33)/(-110))?
2, 3, 7
Let a(v) = -v**3 - 2*v**2 + 2*v + 33. Let t be a(0). Suppose -31*g + t*g = 44. List the prime factors of g.
2, 11
Suppose -2*b - 3142 = 2*w - 9192, -12097 = -4*b - w. List the prime factors of b.
2, 3, 7
Let n = 2463 + -1672. What are the prime factors of n?
7, 113
Suppose -42*w - 284 = -43*w. List the prime factors of w.
2, 71
Let c be -2*(-57)/(-9)*-33. Let t = c + -197. List the prime factors of t.
13, 17
Let p(o) = 5*o**2 - o + 1. Let r(c) = -c**2 - 9*c - 12. Let t be r(-6). What are the prime factors of p(t)?
5, 7
Suppose -3*a - 2*p + 22 = 0, p + 5 = 3*a - 2. Suppose -200 = -3*m + u - 0*u, a*m = -u + 269. List the prime factors of m.
67
Suppose -o + 4*k + 3 = 0, -o - 4*k + 31 = 20. What are the prime factors of o?
7
Suppose -19 = -3*v - 2*l, 18 = v + 4*l - l. What are the prime factors of 2 + (71 - v/(-3))?
2, 37
What are the prime factors of 4 + (-10876)/(-36) + 7/(-63)?
2, 3, 17
What are the prime factors of (-230780)/440*(-1*1 + -1)?
1049
Let p(q) = 33*q - 268. List the prime factors of p(30).
2, 19
Let o be 1*((-3 - -5) + 4). Let x = o + 26. What are the prime factors of x?
2
Suppose 50 = 5*h + 2*z, -2*h + 4*z = -3*h + 28. Let t(k) = 5*k**3 - k**2 + 2*k. Let f be t(1). Suppose d + f - h = 0. What are the prime factors of d?
2
Let o be (-1)/(-2 - 716/(-360)). Suppose 9*p - 11*p + o = 0. What are the prime factors of p?
3, 5
Let f(z) = -z**3 - 8*z**2 - 10*z + 1. Suppose -1 = 3*q + 17. Let